ivisor of n and 66?
33
Let a(d) be the second derivative of 1/6*d**3 + 0 - 9*d - 7/2*d**2. Let c be a(10). Calculate the highest common divisor of c and 30.
3
Let n(i) = -4*i + 44. Let x be n(10). Let k be 26 + 2/8 + (-1)/x. Let w(o) = 33*o + 3. Let j be w(7). Calculate the highest common factor of j and k.
26
Suppose -4*w = f - 31, 5*w - 2*f - 46 = w. Suppose -6*q - 72 = -w*q. Suppose 5*v - 21 = q. Calculate the highest common divisor of v and 3.
3
Let v be (-22)/8 - (-9)/(-36) - -88. Suppose 2*t = -p + 20 + 11, -4*t - v = -5*p. What is the greatest common divisor of 42 and p?
21
Suppose -5*i = -3*a + 5, 29*i - 24*i - 10 = 0. Suppose 2*w + 3*k = 747, -4*k - 334 = -a*w + 1568. Calculate the greatest common factor of w and 108.
54
Let u(r) = -17*r**2 - 22*r + 7. Let j(x) = -51*x**2 - 63*x + 21. Let g(t) = -4*j(t) + 11*u(t). Let c be g(2). What is the greatest common divisor of 351 and c?
27
Suppose 35*k - 59 - 139 = 82. What is the highest common factor of 109 and k?
1
Let p = 54 - 49. Suppose -2*o - 2*d + 104 = -6*d, -3*o + 200 = p*d. What is the highest common factor of 24 and o?
12
Suppose -3*k - 10*k + 845 = 0. Suppose 3*a + b = k, -6*a + a + 95 = -5*b. Suppose 14 = 5*p - a. Calculate the highest common factor of p and 63.
7
Suppose 3*m - 12 = -2*x, 2 = -5*x + 2*m - 6. Suppose 0 = t - 3, 12 = 2*w - x*t - 2*t. Suppose 89 = -w*q + 458. What is the greatest common factor of 123 and q?
41
Let b(z) = -2*z**2 - 56*z + 37. Let n be b(-28). Suppose -35*y + n*y - 1590 = 0. What is the greatest common divisor of 15 and y?
15
Let s = 868 + -859. Suppose 0 = -7*x + 614 + 205. Calculate the highest common divisor of x and s.
9
Suppose 0 = -l - 4*l + 185. Suppose -5*k + 378 = -2*a, 592 = -5*k - a + 958. Calculate the highest common divisor of l and k.
37
Let v be ((-45)/25 - -1)*(-3375)/6. Calculate the greatest common factor of v and 162.
18
Suppose 0 = 12*o - 15*o + 4*y + 81, -3*o - 4*y + 57 = 0. Suppose 178 = 2*u - 3*h, 5*h + 174 = -3*u + 5*u. Calculate the greatest common factor of o and u.
23
Suppose 3*m - 3 + 9 = -5*x, 5*x + 10 = -5*m. Let s be (4 - 0) + x + 76. What is the highest common factor of s and 400?
80
Let c be 525/(-14)*(-12)/(-18)*-3. What is the greatest common divisor of 475 and c?
25
Let q(h) = h**3 + 19*h**2 + 36*h + 39. Let u be q(-17). Let l be (70/(-4) + u)*-8. Calculate the highest common factor of 4 and l.
4
Let b be 94/940 - 15929/(-10). What is the highest common divisor of b and 108?
27
Suppose 3*z - 2*z = 6. Let b = -726 - 186. Let t be (1/2*5)/((-190)/b). Calculate the highest common factor of z and t.
6
Let p be ((-389790)/(-497))/(1/14). What is the highest common divisor of 40 and p?
20
Let c(n) = n**3 - 8*n**2 - 276*n + 3. Let i be c(-12). Calculate the greatest common divisor of i and 45.
15
Let h = 11 + -8. Suppose -11*g + 6*g + k + 63 = 0, 3*k - h = -g. Calculate the greatest common factor of g and 44.
4
Suppose 5*f - 95 = 3*r, 76 = 4*f - 0*f - 4*r. Suppose -9*g + 28 = -107. Let b be (4 + (-54)/g)*f*10. What is the greatest common divisor of 114 and b?
38
Let v = 707 - -547. What is the greatest common divisor of v and 456?
114
Suppose -4*v + 2*z + 2187 = 3*z, 0 = 5*v - 2*z - 2737. Let k = v + -541. Calculate the greatest common factor of 96 and k.
6
Suppose -15 = -2*k - u + 10, u - 49 = -4*k. Let d be ((-2)/6)/((-3)/9). Let z(s) = 10*s - 2. Let p be z(d). Calculate the highest common factor of p and k.
4
Let z(i) = 9*i**3 + 5*i + 9*i**2 + 2 - 8*i**3 - 3*i**2. Let o be z(-2). Calculate the greatest common factor of o and 8.
8
Let v be 9/(-45) + 202/10. Let t(q) = 2*q**2 - 4*q. Let o be t(-5). Let c = -50 + o. Calculate the greatest common factor of c and v.
20
Let o(i) = 11*i**2 + 7*i - 2. Let g be o(-5). Suppose 0 = -74*j + 219*j - 10150. Calculate the greatest common divisor of j and g.
14
Let m = 4638 - 4543. What is the greatest common factor of m and 304?
19
Let y(g) = -16*g + 1034. Let w be y(59). Calculate the highest common factor of w and 465.
15
Suppose 2*q + 21 = -t, -2*t - q - 30 = 21. Suppose 0*d + 3*d - x + 79 = 0, -2*d - 70 = -5*x. Let k = d - t. Calculate the greatest common factor of k and 2.
2
Suppose 3*v - 113 = -88*o + 87*o, 5*v = -4*o + 466. Calculate the greatest common divisor of o and 68.
17
Let z be (-28 - -1)*532/(-76). Calculate the greatest common factor of 2403 and z.
27
Let o(w) = -2*w**2 + 31*w - 7. Let k(g) = -28*g - 5. Let i be k(-2). Suppose -i - 144 = -13*p. Let y be o(p). Calculate the highest common factor of 72 and y.
8
Let c(j) = -j**2 + 2. Let g be c(-2). Let v be g/(1*(-3)/6). Let m = v - -10. Calculate the highest common factor of m and 28.
14
Let t = -15587 - -15599. Calculate the greatest common divisor of 33 and t.
3
Suppose -9050*a = -9080*a + 6930. What is the highest common divisor of a and 1239?
21
Suppose -64*w - 2750 = -174*w. Calculate the highest common factor of 2375 and w.
25
Let n be 21 + 5*(6 - -39). Calculate the greatest common factor of 48 and n.
6
Suppose -74*s + 2*s + 2118 + 1122 = 0. Calculate the highest common factor of 1160 and s.
5
Suppose -5*g = 4*q - 1450, 92*g + 2*q - 284 = 91*g. Calculate the highest common divisor of 546 and g.
42
Suppose 19*u - 1796 = 4*u + 379. Suppose -5*k + 3*y + 354 = -k, y = -2. Calculate the greatest common divisor of u and k.
29
Let t be (42/24 - 1/(-4))*-3. Let b be (1266 - -8) + 1 + t. Calculate the greatest common factor of b and 47.
47
Let i(x) = -x**3 + 14*x**2 - 32*x - 9. Let l be i(11). Suppose l*p - 139 - 933 = 0. Calculate the highest common factor of p and 67.
67
Suppose -78793 = -155*a + 12*a. Calculate the greatest common divisor of 475 and a.
19
Suppose k - 10849 + 9081 = 0. Calculate the greatest common factor of k and 1144.
104
Let b = -327 + 331. Suppose -8*p - 812 = -2*f - 6*p, 1632 = b*f - 2*p. Calculate the highest common divisor of 10 and f.
10
Let v = 12910 + -6520. What is the greatest common divisor of v and 90?
90
Suppose -5*f - 22 = -12. Let o be 13/f*(2 + -4). Suppose 2*l + 2*w - w - 29 = 0, 3*l - w - 36 = 0. Calculate the highest common divisor of o and l.
13
Let k = -3608 + 3780. What is the highest common divisor of k and 1204?
172
Let v(w) = w**3 - 17*w**2 - 118*w - 20. Let m be v(-5). Calculate the highest common factor of 21260 and m.
20
Let r = 450 + -54. Let c be (11/(-1))/((-3)/12). What is the highest common factor of c and r?
44
Suppose -150 = -5*p - 0*p. Let l(h) = h**2 + 28*h + 40. Let z be l(-23). Let n be (p/z)/(1/(-90)). Calculate the greatest common divisor of 18 and n.
18
Let f be 10/(90/8343) + 3. What is the highest common divisor of f and 2046?
186
Suppose 0*y - 2208 = -4*y - 2*i, -3*i = -4*y + 2188. Let c be 126/(-441)*(-175)/1. Calculate the highest common divisor of c and y.
50
Let z = 2266 - 124. Let u = 3016 - z. Calculate the greatest common divisor of 38 and u.
38
Suppose -2*c - 8 = -12. Let o be c + -1 - (-6 + 8 - 0). Let n be 2*((-20)/(-8) - o). What is the highest common divisor of 7 and n?
7
Let r = -225 + 251. Suppose -2*i + 64 = 2*w - 3*i, -i + r = w. Calculate the greatest common divisor of 50 and w.
10
Let a(g) = 6*g**2 - 180*g - 158. Let b be a(31). Suppose -v + 3*v = 0. Let t(j) = j + 14. Let w be t(v). Calculate the highest common divisor of w and b.
14
Let x = -906 + 906. Suppose x = 14*n - 19*n + 4*k + 117, -5*n + 127 = k. What is the highest common factor of 85 and n?
5
Suppose 0 = 26*z + 2328 - 8074. What is the highest common divisor of z and 1157?
13
Let x(t) = t**2 - 9*t + 13. Let l be x(8). Suppose 0 = f + 3*m - 405, -2*f - m = -l*m - 780. What is the greatest common divisor of 36 and f?
36
Let k(o) = o**2 + 30*o + 57. Let i be -58*(-3)/12*-2. Let z be k(i). Calculate the highest common factor of 56 and z.
28
Suppose -9*k + 3*c + 23700 = -4*k, 5*c + 14220 = 3*k. Calculate the greatest common factor of k and 40.
20
Let j(p) = 13*p**2 - 2*p. Let w be j(2). Let b be 19/((-570)/20) + (-209)/(-3). Suppose y = b + 51. What is the greatest common factor of y and w?
24
Let u(s) = 88*s + 730. Let z be u(-8). What is the highest common factor of 17602 and z?
26
Suppose 2*f - 9 - 3 = 0. Let s(a) = 5*a**2 - 15*a + 10. Let k be s(f). Calculate the highest common factor of 40 and k.
20
Let v(x) = -x**2 - 20*x + 88. Let h = -362 + 340. Let r be v(h). What is 